((-774)/301)/((-3)/434) + 5?
3
Let s(g) = -4*g**2 - 2*g + 2. Let v be s(1). Let d be ((-4)/8)/(2/v). What is the tens digit of (-3 - (-24)/d) + -3?
1
Suppose -14*t = 4411 + 83. Let m = 462 + t. What is the hundreds digit of m?
1
Suppose 3*i - 17 = -3*m + 802, m + 534 = 2*i. What is the hundreds digit of i + 3*(-25)/15?
2
Let z(g) = -g**3 + 10*g**2 + 9*g + 33. Suppose -15*j - 10 = -16*j. What is the tens digit of z(j)?
2
Suppose -4*m + 3*m + 5 = 0. Suppose 2*a + 100 = 4*x - 0*a, m*x - 125 = a. What is the units digit of x?
5
Let j(n) = n**2 - 7*n + 614. What is the hundreds digit of j(0)?
6
Suppose -2915 = -5*p - 2*j, 0*j - j = -5*p + 2930. What is the tens digit of p?
8
Let y(h) = h. Suppose -3*w = -3*v, -2*w + 7 + 1 = -4*v. Let d be y(w). Let c(z) = z**3 + 8*z**2 + 4*z - 1. What is the tens digit of c(d)?
4
Let b be ((-1)/2)/((-1)/6). Suppose -69 = k - 2*k - b*d, 3*k + 2*d = 221. What is the tens digit of k?
7
Suppose 0 = a - 2*r - 2*r - 15, r = -5*a + 12. Suppose 0 = 3*u - 15 - a. Let f(v) = v**2 - 3*v - 14. What is the units digit of f(u)?
4
Let y(c) = -4*c**2 - 227*c + 85. What is the tens digit of y(-49)?
0
Suppose -60 = 5*f + 8*u - 6*u, 3*u = -2*f - 35. Let c be (4/f)/((-1)/5). Suppose 0 = c*p + 3*t - 35, -t - 47 = -p - p. What is the units digit of p?
2
Suppose -4*c + 604 = 2*d, 0 = 3*d + 5*c + 28 - 935. What is the units digit of d?
4
Let p = 574 + -116. What is the units digit of p?
8
Suppose -d - 12 = -4*d. Suppose 128 = d*f - 0*f. Let m = f + -16. What is the units digit of m?
6
Let b(i) = 31*i - 1. Let p = -19 + 19. Let u be (p/(-1) - 2) + 3. What is the tens digit of b(u)?
3
Let v(u) = -7*u + 3*u + 7*u + 20 + 0. What is the tens digit of v(13)?
5
Suppose -16*x + 42 = -13*x. Let d(s) = -s**3 + 13*s**2 + 22*s - 17. What is the units digit of d(x)?
5
Suppose 6 = -3*j - 4*c + c, 0 = -3*j + 4*c - 34. Let y = -1 - j. What is the units digit of y?
5
What is the units digit of 2984/13 - 6/(-13)?
0
Suppose 11436 = 4*w + 3*r, -43*w = -47*w + 2*r + 11456. What is the thousands digit of w?
2
Let q(z) be the third derivative of z**6/120 + z**5/5 + z**4/6 - 2*z**3/3 - 7*z**2. What is the units digit of q(-11)?
3
Let m = 174 - 90. Let s be (-1)/(-4) - m/16. What is the units digit of (-122)/(-10) - (-1)/s?
2
Let r(p) = -p**2 - 22*p - 31. Let g be r(-20). Suppose 5*w + g = 4*j, -3*j + w + 3*w + 7 = 0. What is the units digit of j?
1
Let q = -2 - 10. Let g(s) = s**3 - 5*s**2 + s - 4. Let h be g(5). What is the units digit of (-1*h)/(q/60)?
5
Suppose 5*g = -r + 665, 5*r + 3*g = -g + 3430. What is the tens digit of r?
9
Suppose -3*v = -16 - 173. Let d = v - 34. What is the tens digit of d?
2
Suppose -153*a = -135*a - 53838. What is the tens digit of a?
9
Let g = 5235 - 2057. What is the thousands digit of g?
3
Suppose -12*j - 455 = -8*j - g, 104 = -j - 3*g. Let a = -105 - j. What is the units digit of a?
8
Let v(s) be the second derivative of -57*s**5/10 + s**4/4 + s**3/2 + s**2/2 + 19*s. What is the tens digit of v(-1)?
1
Suppose -71 = -5*h + 2*h - 5*g, -h = -5*g - 17. Let y = 22 - h. Suppose -4*u = -y*u - 116. What is the tens digit of u?
2
Let h(d) = 17*d. Let q(t) = 85*t + 1. Let n(r) = -11*h(r) + 2*q(r). Let k be n(-6). Let b = k - 58. What is the units digit of b?
6
Let k(u) be the first derivative of -1/2*u**4 + 11 - 2*u - 2*u**2 - 4/3*u**3. What is the units digit of k(-3)?
8
Let p = -4 + 8. Suppose 3*q = q - p*t + 100, 139 = 3*q - 5*t. What is the tens digit of q?
4
Suppose 3*s - 3*z = 2997, -19*s - 3*z = -16*s - 3021. What is the hundreds digit of s?
0
Suppose 2*p - 11482 = -3*k + 3*p, -3838 = -k + 3*p. What is the hundreds digit of k?
8
Let c(z) = -164*z**2 - 1. Let w be c(1). What is the tens digit of (-8)/(40/w) - -3?
3
Let o(l) = l**3 + 4*l**2 - l. Let u be o(-4). Let z be (-30)/9*(-30)/(-4). Let s = u - z. What is the units digit of s?
9
Let n(l) = 2*l + 34. Let s be n(-5). What is the tens digit of ((-506)/8)/((-6)/s) + -4?
4
Let i(u) = u**3 - 5*u**2 + u - 1. Let w be i(5). Suppose -d = w*d + 10. Let h = d - -31. What is the tens digit of h?
2
Let c = 46 - 32. Suppose -2*t = 3*m - c, -4*m + 25 = 2*t + 3. Suppose -2*u + 112 - m = 0. What is the units digit of u?
2
Let d = 129 + -29. Suppose -82 - 68 = -3*i - a, 2*i - d = 2*a. What is the tens digit of i?
5
Let z(h) = h**3 + 16*h**2 + 15*h + 4. Suppose 0 = 2*l + 2*b + 290, -436 = 2*l + l + 2*b. Let t be l/10 - (-10)/(-25). What is the units digit of z(t)?
4
Suppose 4*m - 45*m = -163590. What is the tens digit of m?
9
What is the units digit of (-10)/(-2) - (-3 - 424)?
2
Let f(n) = -n**3 + n**2 - 4*n + 3. Let v be f(-3). Let g = v - -44. What is the units digit of g?
5
What is the thousands digit of (-1 - (-25)/3)*(183 + 108)?
2
Let t = 182 + -9. Suppose -y = -5*j - 61, 4*y - t = -4*j + 119. What is the tens digit of y?
7
Suppose 2*v + 522 = -4*v. What is the tens digit of (v/9)/((-2)/6)?
2
Suppose -2*x = -2*y - 3*y + 11, -5*x - 5*y = -25. Let o be (x + 0 + -1)*5. Suppose -3*g + o*g = 74. What is the units digit of g?
7
Suppose 2*m + 4479 = l + 817, -3*l = 3*m - 10950. What is the units digit of l?
4
Suppose -2*d = d + 24. Let p(a) = 2*a**2 + 10*a + 2. What is the units digit of p(d)?
0
Let q = 2 - -11. Let l(y) = 3*y + q + 6*y - 5*y - 11. What is the tens digit of l(2)?
1
Suppose -2377*o - 772 = -2381*o. What is the units digit of o?
3
Let q(y) = 10*y**2 + 7*y + 26. What is the units digit of q(-7)?
7
Let i = -465 - -810. What is the units digit of i/7 + (-8)/28?
9
Let s be 3*5/30*-76. Let y = -36 - s. What is the units digit of y?
2
Suppose 0 = -0*w + 5*w. Suppose -3*k - 2*d = -34, -2*k - 3*d + w*d = -26. Suppose -k*r = -14*r + 60. What is the tens digit of r?
1
Let s = 104 - 43. Suppose 78 = -4*y - 18. Let z = y + s. What is the units digit of z?
7
Let y be (-1)/2 - (-63)/2. Suppose 4*r - 691 = -y. What is the tens digit of r?
6
Let v(i) = 4*i**3 - 2*i**2. Let x be ((-3)/6)/(33/18 - 2). What is the tens digit of v(x)?
9
Let s(c) = 70*c**2 + 26*c - 63. What is the tens digit of s(3)?
4
Suppose 3*b = -2*k + 2733, 0 = 4*k - 5 - 7. What is the tens digit of b?
0
Let w = 142 + 4. What is the hundreds digit of w?
1
Suppose 0 = -4*k + 3*r - 215, -2*r = -5*r + 15. Let z = -25 - k. Suppose 124 - z = 5*a - t, t = -a + 21. What is the units digit of a?
0
Let c be (31 - (1 - 1)) + -2. Suppose c = 2*r - r. What is the tens digit of r?
2
Suppose 4159 + 3923 = 18*n. What is the hundreds digit of n?
4
Suppose -24 = 2*v - 8*v. Suppose 74 = -v*y + 6*y. What is the tens digit of y?
3
Suppose -129*x + 145*x + 752 = 0. Let p be (-1)/(2/(-202) + 0). Let f = p + x. What is the tens digit of f?
5
Suppose -5*f - o = -10142, f - 5*o = -f + 4046. What is the thousands digit of f?
2
Suppose -2*r + 305 = -5*d, r = 4*r - 4*d - 475. What is the hundreds digit of r?
1
Suppose 5*g + 537 = 4*o + 3556, 5*g - 3047 = -3*o. Suppose -n + 42 + 161 = c, -5*c + g = 3*n. What is the units digit of n?
4
Let d(z) = 1453*z - 12. Let s be d(1). Suppose 14*m - 1065 = s. What is the units digit of m?
9
Let b(o) = 2*o**2 - 26*o + 6. Let z be b(13). Let r(d) = 2*d**2 - 17*d + 6. Let j(a) = a - 1. Let u(m) = z*j(m) - r(m). What is the tens digit of u(9)?
3
Suppose d + 66*j - 4121 = 70*j, -j = -5. What is the hundreds digit of d?
1
Suppose 745 + 8105 = 30*u. What is the tens digit of u?
9
Suppose 14*t - 4140 = 4*t. What is the units digit of t?
4
Let w(x) = -x**3 + 7*x**2 + 5*x + 27. Let j be w(8). What is the hundreds digit of (-4935)/(-30) - j/2?
1
Let q = 581 + 706. What is the units digit of q?
7
Suppose x + 3*h + 34 = 0, x + h = 6*h - 18. What is the tens digit of (2/(-6))/((x/456)/7)?
3
Let i = 82 - 7. Suppose 2*h = -h - 3*a + i, 0 = 4*h + 3*a - 102. Suppose g - 2*o + o = 16, 3*o = 2*g - h. What is the tens digit of g?
2
Let a = -928 - -597. Let l = -44 - a. What is the hundreds digit of l?
2
Let k(b) = 5 - 8*b + 3 - 9. Let c(d) = -16*d - 2. Let s(t) = -3*c(t) + 5*k(t). What is the tens digit of s(2)?
1
Suppose 7*a + 9*a - 2640 = 0. Suppose 0 = 35*h - 38*h + a. What is the tens digit of h?
5
Suppose -4*j = 3*v - 380 - 39, -2*j - 270 = -2*v. Suppose 38 = -3*d + v. What is the units digit of d?
3
Suppose -2*y - 610 = -5*l, -l = -2*y - 102 - 28. What is the units digit of l?
0
Suppose -99*k + 345592 - 81460 = 0. What is the hun